{"id":2,"date":"2014-01-18T20:17:48","date_gmt":"2014-01-18T20:17:48","guid":{"rendered":"http:\/\/localhost\/wordpress-3.8\/wordpress\/?page_id=2"},"modified":"2021-04-28T09:28:32","modified_gmt":"2021-04-28T08:28:32","slug":"sample-page","status":"publish","type":"page","link":"https:\/\/vielevisels.de\/","title":{"rendered":"Kaivi&#8217;s Bike Blog"},"content":{"rendered":"<p>Was habe ich gemeckert. \u201czu dreckig\u201d, \u201cdie Dornen tun weh\u201d, \u201czu anstrengend\u201d und noch vieles mehr. Und alles nur, weil mein Vater ein paar Kilometer vielbefahrene Landstra\u00dfe auf einem um so weniger benutzten Waldweg umfahren wollte. Sport stand auf meiner Priorit\u00e4tenliste damals irgendwo auf den letzten Pl\u00e4tzen.<br \/>\nJetzt sind wir gut 45 Jahre weiter, und 2021 habe ich 35-j\u00e4hriges MTB-Jubil\u00e4um.\u00a0 Dabei habe ich einen solchen Spa\u00df an der sportlichen Bet\u00e4tigung in der Natur gewonnen, dass es auf ein bisschen Muskelkater, ein paar Kratzer und ein paar Kilo Matsch nicht ankommt. Das Mountain Bike hat mich dann auch vom Rad als Alltagsbegleiter, f\u00fcr &#8222;normale&#8220; Radtouren und sogar f\u00fcr die Langstrecke begeistert. Um all das geht es in diesem Blog, quasi mein \u00f6ffentliches Bike-Tagebuch. Berichte und Fototageb\u00fccher der Touren, erg\u00e4nzt mit ein bisschen Technik, Lustigem und anderem \u201cVelosophischen\u201d werde ich hier chronologisch sammeln und f\u00fcr mich und meine Mitfahrer als Tagebuch festhalten.<br \/>\nVielleicht gibt es Dir die eine oder andere Anregung f\u00fcr Touren, oder einfach nur die Motivation aufs Rad zu steigen.<\/p>\n<p><span style=\"line-height: 1.5;\">Und los geht&#8217;s ganz am Anfang: <\/span><a style=\"line-height: 1.5;\" title=\"Mein Fuhrpark: Die Anf\u00e4nge\" href=\"http:\/\/blog.vielevisels.de\/?p=80\">Die Anf\u00e4nge&#8230;<\/a><\/p>\n<h3><\/h3>\n<h3>Bedienung<\/h3>\n<p>Navigation \u00fcber die Men\u00fcleiste oben:<\/p>\n<ul>\n<li>Kaivi&#8217;s Bike Blog (da sind wir jetzt)<\/li>\n<li>&#8230; Alles der Reihe nach &#8230; (alle Beitr\u00e4ge, die neuen zuerst)<\/li>\n<li>und dann die Beitr\u00e4ge nach Kategorie (Tags) aufgeteilt:\n<ul>\n<li>Diary\u00a0(Aktuelles, Velosophisches)<\/li>\n<li>Trips (Tourenberichte mit Unterkategorien MTB, Trekking, Road)<\/li>\n<li>Tech (Technik-Tips)<\/li>\n<li>Fun (witziges rund ums Rad)<\/li>\n<\/ul>\n<\/li>\n<li>Impressum<\/li>\n<li>Suche<\/li>\n<\/ul>\n<p>Navigation \u00fcber den Sidebar links:<\/p>\n<ul>\n<li>Timeline als Kalender (Chronologisch nach Datum des Geschehens)<\/li>\n<li>Recent (die letzten 10 Beitr\u00e4ge)<\/li>\n<li>Tags (Meistbenutzte Tags)<\/li>\n<li>Kommentare (z.B. von dir)<\/li>\n<li>Timeline tabellarisch<\/li>\n<\/ul>\n<p>Am Ende\u00a0einzelner Artikel gibt es Links auf den vorherigen und n\u00e4chsten Artikel und die M\u00f6glichkeit, Kommentare zu hinterlassen.<\/p>\n","protected":false},"excerpt":{"rendered":"<p>Was habe ich gemeckert. \u201czu dreckig\u201d, \u201cdie Dornen tun weh\u201d, \u201czu anstrengend\u201d und noch vieles mehr. Und alles nur, weil mein Vater ein paar Kilometer vielbefahrene Landstra\u00dfe auf einem um so weniger benutzten Waldweg umfahren wollte. Sport stand auf meiner Priorit\u00e4tenliste damals irgendwo auf den letzten Pl\u00e4tzen. Jetzt sind wir gut 45 Jahre weiter, und &hellip; <a href=\"https:\/\/vielevisels.de\/\" class=\"more-link\"><span class=\"screen-reader-text\">Kaivi&#8217;s Bike Blog<\/span> weiterlesen <span class=\"meta-nav\">&rarr;<\/span><\/a><\/p>\n","protected":false},"author":1,"featured_media":0,"parent":0,"menu_order":0,"comment_status":"open","ping_status":"open","template":"","meta":{"footnotes":""},"class_list":["post-2","page","type-page","status-publish","hentry"],"jetpack_sharing_enabled":true,"_links":{"self":[{"href":"https:\/\/vielevisels.de\/index.php?rest_route=\/wp\/v2\/pages\/2","targetHints":{"allow":["GET"]}}],"collection":[{"href":"https:\/\/vielevisels.de\/index.php?rest_route=\/wp\/v2\/pages"}],"about":[{"href":"https:\/\/vielevisels.de\/index.php?rest_route=\/wp\/v2\/types\/page"}],"author":[{"embeddable":true,"href":"https:\/\/vielevisels.de\/index.php?rest_route=\/wp\/v2\/users\/1"}],"replies":[{"embeddable":true,"href":"https:\/\/vielevisels.de\/index.php?rest_route=%2Fwp%2Fv2%2Fcomments&post=2"}],"version-history":[{"count":29,"href":"https:\/\/vielevisels.de\/index.php?rest_route=\/wp\/v2\/pages\/2\/revisions"}],"predecessor-version":[{"id":4229,"href":"https:\/\/vielevisels.de\/index.php?rest_route=\/wp\/v2\/pages\/2\/revisions\/4229"}],"wp:attachment":[{"href":"https:\/\/vielevisels.de\/index.php?rest_route=%2Fwp%2Fv2%2Fmedia&parent=2"}],"curies":[{"name":"wp","href":"https:\/\/api.w.org\/{rel}","templated":true}]}}

<p>Was habe ich gemeckert. “zu dreckig”, “die Dornen tun weh”, “zu anstrengend” und noch vieles mehr. Und alles nur, weil mein Vater ein paar Kilometer vielbefahrene Landstraße auf einem um so weniger benutzten Waldweg umfahren wollte. Sport stand auf meiner Prioritätenliste damals irgendwo auf den letzten Plätzen.<br />
Jetzt sind wir gut 45 Jahre weiter, und 2021 habe ich 35-jähriges MTB-Jubiläum.  Dabei habe ich einen solchen Spaß an der sportlichen Betätigung in der Natur gewonnen, dass es auf ein bisschen Muskelkater, ein paar Kratzer und ein paar Kilo Matsch nicht ankommt. Das Mountain Bike hat mich dann auch vom Rad als Alltagsbegleiter, für &#8222;normale&#8220; Radtouren und sogar für die Langstrecke begeistert. Um all das geht es in diesem Blog, quasi mein öffentliches Bike-Tagebuch. Berichte und Fototagebücher der Touren, ergänzt mit ein bisschen Technik, Lustigem und anderem “Velosophischen” werde ich hier chronologisch sammeln und für mich und meine Mitfahrer als Tagebuch festhalten.<br />
Vielleicht gibt es Dir die eine oder andere Anregung für Touren, oder einfach nur die Motivation aufs Rad zu steigen.</p>
<p><span style="line-height: 1.5;">Und los geht&#8217;s ganz am Anfang: </span><a style="line-height: 1.5;" title="Mein Fuhrpark: Die Anfänge" href="http://blog.vielevisels.de/?p=80">Die Anfänge&#8230;</a></p>
<h3></h3>
<h3>Bedienung</h3>
<p>Navigation über die Menüleiste oben:</p>
<ul>
<li>Kaivi&#8217;s Bike Blog (da sind wir jetzt)</li>
<li>&#8230; Alles der Reihe nach &#8230; (alle Beiträge, die neuen zuerst)</li>
<li>und dann die Beiträge nach Kategorie (Tags) aufgeteilt:
<ul>
<li>Diary (Aktuelles, Velosophisches)</li>
<li>Trips (Tourenberichte mit Unterkategorien MTB, Trekking, Road)</li>
<li>Tech (Technik-Tips)</li>
<li>Fun (witziges rund ums Rad)</li>
</ul>
</li>
<li>Impressum</li>
<li>Suche</li>
</ul>
<p>Navigation über den Sidebar links:</p>
<ul>
<li>Timeline als Kalender (Chronologisch nach Datum des Geschehens)</li>
<li>Recent (die letzten 10 Beiträge)</li>
<li>Tags (Meistbenutzte Tags)</li>
<li>Kommentare (z.B. von dir)</li>
<li>Timeline tabellarisch</li>
</ul>
<p>Am Ende einzelner Artikel gibt es Links auf den vorherigen und nächsten Artikel und die Möglichkeit, Kommentare zu hinterlassen.</p>

<p>Was habe ich gemeckert. “zu dreckig”, “die Dornen tun weh”, “zu anstrengend” und noch vieles mehr. Und alles nur, weil mein Vater ein paar Kilometer vielbefahrene Landstraße auf einem um so weniger benutzten Waldweg umfahren wollte. Sport stand auf meiner Prioritätenliste damals irgendwo auf den letzten Plätzen. Jetzt sind wir gut 45 Jahre weiter, und &hellip; <a href="https://vielevisels.de/" class="more-link"><span class="screen-reader-text">Kaivi&#8217;s Bike Blog</span> weiterlesen <span class="meta-nav">&rarr;</span></a></p>
